nd 1500.
60
What is the highest common factor of 644028 and 374?
374
What is the greatest common divisor of 738 and 3202182?
738
What is the highest common factor of 10669 and 47?
47
What is the greatest common factor of 2196 and 12017?
61
What is the greatest common divisor of 162 and 4986?
18
What is the greatest common factor of 54 and 15039?
27
What is the highest common divisor of 334296 and 72?
72
Calculate the greatest common divisor of 51 and 3304800.
51
What is the highest common factor of 648 and 20250?
162
Calculate the greatest common divisor of 28373 and 442.
17
Calculate the greatest common divisor of 36 and 13564.
4
What is the greatest common factor of 104 and 509379?
13
Calculate the greatest common factor of 65 and 2591498.
13
What is the greatest common factor of 4524 and 8671?
377
Calculate the greatest common factor of 29076 and 48.
12
Calculate the highest common factor of 3029 and 26.
13
Calculate the greatest common divisor of 145749 and 57.
57
What is the highest common factor of 66195 and 90?
45
Calculate the highest common divisor of 66000 and 125.
125
Calculate the greatest common factor of 490641 and 402.
201
Calculate the highest common factor of 453 and 282672.
453
Calculate the greatest common divisor of 300 and 37300.
100
What is the greatest common divisor of 562 and 2021233?
281
Calculate the greatest common divisor of 36 and 4365.
9
Calculate the highest common factor of 20 and 960790.
10
Calculate the greatest common divisor of 623106 and 1188.
594
Calculate the highest common factor of 893 and 69749.
19
What is the greatest common divisor of 70626 and 447?
447
What is the highest common factor of 1716 and 28743?
429
What is the greatest common divisor of 24078 and 174?
6
What is the highest common divisor of 222 and 720501?
111
Calculate the highest common divisor of 38 and 42864.
38
Calculate the highest common divisor of 943936 and 588.
196
Calculate the greatest common divisor of 34638 and 184.
46
What is the greatest common divisor of 37980 and 339?
3
Calculate the highest common factor of 4 and 3329642.
2
Calculate the highest common divisor of 39249 and 356.
89
Calculate the highest common divisor of 1512 and 137928.
168
What is the greatest common divisor of 170 and 12010?
10
Calculate the highest common factor of 47132 and 4.
4
What is the highest common divisor of 4936 and 388093?
617
Calculate the highest common divisor of 1998 and 27861.
111
What is the greatest common divisor of 151712 and 176?
176
What is the highest common divisor of 3841 and 161?
23
Calculate the greatest common divisor of 358972 and 170.
34
What is the greatest common factor of 52 and 299533?
13
Calculate the highest common factor of 343 and 12397.
49
Calculate the greatest common divisor of 12 and 3954.
6
Calculate the greatest common factor of 6 and 346650.
6
Calculate the highest common factor of 5656716 and 8262.
2754
Calculate the highest common factor of 78591 and 255.
51
What is the greatest common divisor of 44 and 157124?
44
Calculate the greatest common factor of 2107 and 559.
43
Calculate the highest common factor of 142961 and 715.
13
Calculate the highest common factor of 40379 and 4607.
271
What is the highest common divisor of 624 and 22542?
78
What is the highest common divisor of 2673 and 803?
11
What is the greatest common factor of 238630 and 2205?
245
Calculate the highest common factor of 150 and 333900.
150
Calculate the greatest common factor of 4753605 and 5.
5
What is the greatest common factor of 3524 and 13092?
4
Calculate the highest common divisor of 511 and 4964.
73
What is the highest common divisor of 28 and 5?
1
What is the greatest common factor of 449 and 3299701?
449
What is the greatest common factor of 72 and 2076?
12
Calculate the highest common factor of 73060 and 195.
65
Calculate the greatest common divisor of 20030 and 890.
10
Calculate the greatest common factor of 1562 and 792.
22
What is the greatest common divisor of 100716 and 672?
84
Calculate the highest common divisor of 800 and 2256.
16
What is the greatest common divisor of 165326 and 14?
14
What is the greatest common divisor of 364610 and 760?
190
Calculate the greatest common factor of 3156608 and 84.
28
What is the greatest common divisor of 369 and 288873?
9
What is the highest common divisor of 20188 and 336?
28
What is the highest common factor of 1200220 and 210?
70
Calculate the highest common factor of 7812 and 1197.
63
What is the greatest common divisor of 1352971 and 38?
19
Calculate the highest common divisor of 2516 and 158804.
148
Calculate the highest common factor of 1800 and 41112.
72
Calculate the greatest common divisor of 24 and 495048.
24
Calculate the greatest common factor of 19 and 12625633.
19
What is the highest common divisor of 2894921 and 149?
149
Calculate the highest common factor of 3330 and 511200.
90
What is the highest common factor of 2870472 and 1162?
166
What is the greatest common factor of 86 and 1511880?
86
Calculate the highest common divisor of 103780 and 80.
20
What is the greatest common divisor of 592340 and 4?
4
What is the highest common divisor of 344 and 798596?
172
Calculate the highest common divisor of 722 and 126141.
19
What is the greatest common factor of 14508 and 13671?
279
What is the highest common factor of 108 and 1034460?
36
What is the highest common factor of 98360 and 110?
10
What is the highest common divisor of 757707 and 255?
51
Calculate the greatest common divisor of 36 and 956169.
9
What is the greatest common divisor of 506404 and 16?
4
Calculate the greatest common factor of 938736 and 912.
48
What is the greatest common divisor of 577591 and 763?
763
Calculate the highest common factor of 110000 and 121.
11
Calculate the highest common factor of 30758 and 80782.
338
What is the highest common divisor of 8008 and 6671?
7
What is the highest common divisor of 737 and 594?
11
What is the highest common factor of 2024 and 12972?
92
What is the greatest common factor of 82275 and 3165?
15
What is the highest common divisor of 135 and 301?
1
What is the greatest common divisor of 286083 and 25137?
1197
Calculate the highest common factor of 416 and 65832.
104
Calculate the greatest common divisor of 588 and 6861.
3
What is the highest common divisor of 1683 and 5379?
33
What is the highest common divisor of 4482 and 1458?
54
What is the highest common divisor of 3015 and 1080?
45
What is the greatest common factor of 13 and 998530?
13
What is the highest common divisor of 777 and 2751?
21
Calculate the greatest common divisor of 55198 and 22774.
386
Calculate the highest common divisor of 7860 and 210.
30
What is the greatest common divisor of 160 and 1040?
80
Calculate the greatest common factor of 20 and 3139060.
20
What is the highest common factor of 28 and 2004870?
14
Calculate the highest common factor of 566 and 589489.
283
Calculate the highest common factor of 27237 and 168.
21
What is the greatest common factor of 196 and 15764?
28
What is the highest common divisor of 323 and 209950?
323
Calculate the highest common divisor of 306300 and 100.
100
What is the greatest common divisor of 1128 and 96632?
376
Calculate the greatest common divisor of 57 and 4695.
3
Calculate the greatest common divisor of 2150613 and 83.
83
Calculate the greatest common factor of 13 and 138541.
13
Calculate the highest common divisor of 185790 and 46166.
1126
Calculate the greatest common divisor of 322 and 57778.
14
What is the greatest common factor of 32040 and 396?
36
What is the greatest common divisor of 1073 and 13616?
37
What is the highest common divisor of 38848 and 512?
64
Calculate the greatest common factor of 60946 and 14446.
62
Calculate the greatest common divisor of 12972 and 799.
47
What is the highest common factor of 19 and 883956?
19
Calculate the greatest common divisor of 1224 and 1757256.
408
What is the greatest common divisor of 31900 and 117700?
1100
What is the highest common divisor of 66 and 1206?
6
Calculate the greatest common factor of 1024 and 157504.
64
Calculate the highest common factor of 78 and 2626.
26
Calculate the highest common factor of 1045 and 10697.
19
What is the highest common divisor of 14394 and 24?
6
Calcula